(m) = 30*m**2 - 3*m + 96. Let v be u(0). Calculate the greatest common divisor of o and v.
32
Suppose 0 = -f - 3*j + 144, 9*j - 4*j - 152 = -f. What is the highest common divisor of 120 and f?
12
Suppose 12 = 5*p - 2*p, -4*q + 5*p = -2028. Let z = q - 476. Let c be ((-2)/5)/((-1)/20). What is the greatest common divisor of z and c?
4
Suppose -249*t = 33*t + 53*t - 123950. Suppose 3*d + 5*i - 54 = -9, -4*i + 48 = 3*d. Calculate the highest common divisor of t and d.
10
Suppose -83 - 322 = -9*h. What is the greatest common factor of 25 and h?
5
Suppose 9*z - 432 = -9*z. Let p(b) = 10*b. Let h be p(z). What is the highest common divisor of 90 and h?
30
Let k = 120 + -122. Let f be (35/(-70))/(k/(-48)*-1). Suppose -8 - 4 = -r. What is the greatest common divisor of f and r?
12
Let q(r) = -r**3 - 11*r**2 - 8*r + 19. Let g be q(-11). Suppose 3*o + h - 119 = 0, -2*o + 4*h = 23 - g. Calculate the greatest common divisor of o and 48.
8
Let t(m) = 10 + 0*m**2 + 12*m + m**2 - 3*m. Let u = 2194 + -2203. Let i be t(u). Calculate the highest common divisor of 50 and i.
10
Let p(i) = i**2 + 15*i - 12. Let z be p(-16). Suppose -32 = z*r - 4. Let s be (-44)/r - (-2)/(-28)*4. What is the highest common factor of 6 and s?
6
Let d(o) = 7*o - 70. Let g(l) = 5*l - 70. Let b(v) = 2*d(v) - 3*g(v). Let f be b(-10). Calculate the greatest common divisor of f and 720.
80
Suppose 2*j - 17 + 43 = 0. Let z(w) = -5*w**3 - 64*w**2 + 8*w - 26. Let g be z(j). Let b = 201 - 6. Calculate the highest common divisor of b and g.
39
Let o(v) = 199*v + 852. Let h be o(-4). Calculate the greatest common divisor of 252 and h.
28
Let l = -184 - -188. Suppose -15 = 5*j, 134 - 59 = l*b - j. Let x be 24/(-1)*3/(-4). What is the greatest common factor of x and b?
18
Let p(a) = 59*a + 1. Suppose 4*o - 4*m = 16, -4*o + m - 5*m = 0. Suppose -9*x = -o*x - 7. Let f be p(x). What is the greatest common factor of f and 15?
15
Let n(v) = 24*v - 112. Let l be n(5). Suppose l = 9*m - 262. Calculate the highest common factor of 645 and m.
15
Suppose -5*w + 62 = -5490*n + 5494*n, -14 = -4*n + 3*w. Let v be (20/6)/(2/72). Calculate the greatest common factor of v and n.
8
Let h = -42587 - -43019. What is the greatest common divisor of 837 and h?
27
Suppose 1503*d - 1486*d = 16813. Calculate the highest common divisor of 46 and d.
23
Let m(z) = -3*z**2 + 6*z - 6. Let p be m(0). Let g(b) = -b**3 + 36*b + 20. Let i be g(p). What is the greatest common divisor of 860 and i?
20
Let g be (944/(-112) - -9)/((-2)/(-7)). Suppose -2*r - 36 = -5*u, u + 6 = -g*r - 2*r. Let a be (-3)/3 - (-40)/1. Calculate the highest common factor of a and u.
3
Suppose 5*u - 55 = -2*i, 8*i = 4*i - 3*u + 89. Suppose -5*q + 97 = 362. Let c be 7 + (7 - (q + -3)). What is the highest common factor of i and c?
10
Let u = 27 - 22. Suppose -b + x - 12 + 119 = 0, u*x + 15 = 0. Suppose -4*r + 5*k + b = 0, -r = -0*k + k - 26. What is the highest common divisor of 13 and r?
13
Let f(q) = -5 + 9*q**2 - 6 - 4*q + q**3 - 1. Let u be f(-9). Calculate the greatest common divisor of 6 and u.
6
Let c be (-7)/((-35)/(-52))*5625/(-30). What is the highest common divisor of c and 78?
78
Let c = -37875 - -38077. What is the greatest common factor of 59590 and c?
202
Let u(o) = -3*o**2 + 27*o - 4. Let l be u(8). Let n = -45 - -49. What is the greatest common divisor of n and l?
4
Let u = 611 - 341. Let m be 9/4 - 34/((-544)/108). Calculate the greatest common divisor of u and m.
9
Suppose -20929 - 54088 + 4331 = -27*p. Calculate the greatest common factor of p and 140.
14
Let z(s) = 167*s - 689. Let c be z(26). Calculate the highest common factor of 13 and c.
13
Suppose -10*c - 6*c + 2660 = 3*c. What is the highest common divisor of c and 2870?
70
Let v(m) = m**2 + 19*m - 104. Let g be v(-24). Let u = -45 + 40. Let k be (u + 7)*1*(2 - 0). What is the greatest common divisor of k and g?
4
Suppose 257 = j + 3*c, j - 741 = -2*j + c. Suppose 0 = 50*p - 54*p + j. Calculate the highest common factor of p and 217.
31
Let m be 2*1*2/(48/(-60)). Let i be m/(-35) - 97/(-7). What is the greatest common divisor of 4 and i?
2
Let u(k) = 32*k**2 + 300*k - 186. Let g be u(-10). Let b = 33 - 19. Let l be (-272)/(-4)*b/4. What is the highest common divisor of g and l?
14
Suppose 42*h - 47*h - 15 = 0. Let r be 23260/40 - (h - (-27)/6). Calculate the highest common divisor of r and 20.
20
Suppose 5*k - 253 - 81 = -94. Calculate the greatest common factor of k and 178.
2
Let l = 16834 - 16691. Calculate the highest common divisor of 2548 and l.
13
Let f(p) = -p + 12. Let y be f(13). Let d be y/((-2)/(-64)*-1). Suppose 0*g + 872 = 3*g + 2*a, 4*g - 1140 = 3*a. What is the highest common factor of g and d?
32
Let v be ((-27)/2)/((-333)/444). What is the highest common factor of v and 288?
18
Let x be -7*(1 + (-10)/1). Suppose -2*n + n = 2*p - 212, -4*n - 307 = -3*p. What is the greatest common factor of x and p?
21
Suppose -g = r - 565 - 236, 4*g - 3186 = 5*r. Suppose 79 = -5*z + m + 319, 3*m = 3*z - 156. What is the greatest common divisor of g and z?
47
Suppose 19992 - 5628 = 108*r. Calculate the greatest common divisor of 21 and r.
7
Suppose 3*n - 7 = 2. Let u be 0 + n - (-2 - 6/(-2)). Let a(r) = 60*r - 1. Let k be a(u). What is the highest common divisor of k and 17?
17
Let n(k) = 2*k**3 - 87*k**2 - 30*k - 516. Let l be n(44). Calculate the highest common divisor of 195 and l.
5
Let f = -26053 + 28913. What is the highest common divisor of 1100 and f?
220
Let k be (-2)/(-8) - (-406)/8. Let t = 379 - 52. Let l = t + -293. What is the greatest common factor of k and l?
17
Let x(u) = u**2 + 15*u - 10. Let y be x(-15). Let t be 475/y + 1/2. Let c = t - -55. Calculate the highest common factor of 4 and c.
4
Let b = 5368 - 5228. Calculate the greatest common factor of b and 720.
20
Let d = 10092 + -1537. Calculate the highest common factor of d and 435.
145
Let f = -255 - -545. Calculate the greatest common divisor of 190 and f.
10
Suppose 104*c - 105*c + 695 = 0. Let n = c - -569. Calculate the greatest common divisor of 16 and n.
16
Let x = -2069 - -2108. Calculate the greatest common factor of 169 and x.
13
Suppose -23*b + 21*b + x + 3669 = 0, 2*b - 3*x - 3675 = 0. What is the highest common divisor of b and 141?
141
Let p = 80 - -11. Let b(j) = -j**2 + 8*j + 13. Let t = -167 + 175. Let i be b(t). What is the highest common factor of p and i?
13
Let n(t) be the first derivative of 3*t**2 - 2*t + 11. Let r be n(-10). Let c = -36 - r. What is the highest common divisor of c and 13?
13
Suppose 1202 = 3*o - 4*x, -3*x = -60*o + 63*o - 1230. Calculate the greatest common divisor of 58 and o.
58
Let u = 22848 + -22694. Calculate the greatest common divisor of 17248 and u.
154
Let i = 912 + -843. What is the highest common factor of 1587 and i?
69
Let s(g) = -4*g - 14. Let z be s(-10). Let k(j) = j**2 + 7*j + 13. Let q = -24 + 17. Let n be k(q). Calculate the highest common factor of z and n.
13
Let l = -3961 + 4699. Calculate the highest common divisor of l and 90.
18
Let v be ((-1482)/(-9))/(-1) - (-6)/(-18). Let n = v - -233. What is the greatest common factor of n and 85?
17
Let v be -17*-3*(-6 - -11) - 9. Calculate the highest common divisor of v and 3813.
123
Let g be 10/((1 - (-140)/(-23)) + 5). Let a = 302 + g. Calculate the highest common divisor of a and 34.
17
Let k = -196 - -90. Let t = 81 - k. What is the greatest common factor of t and 17?
17
Let i(l) = -25*l - 218. Let u be i(-10). Suppose -x = -2*s - 0*s - 346, 4*s + 1396 = 4*x. Calculate the highest common factor of x and u.
32
Let d(q) = -2*q**2 + 35*q + 42. Let c(w) = 4*w + 50. Let i be c(-8). Let t be d(i). What is the greatest common factor of t and 8?
8
Suppose -2*u = -2*b - b - 364, -5*u - 5*b = -910. Let s = 4001 - 3988. What is the highest common divisor of s and u?
13
Let c be (-1)/14 - (-251040)/2240. What is the greatest common factor of c and 1400?
56
Let z be (6/(-6))/((-3395)/847 + 4). Suppose -3*p = -2*o - 130, 15 + 31 = p + 2*o. Calculate the highest common factor of z and p.
11
Let a be 156 - ((-8)/(-6) - 12/36). Suppose 54 = 4*l + 2*i - 78, 5*l + 5*i = a. Calculate the highest common factor of l and 42.
7
Let q = 4560 - 2420. What is the highest common divisor of q and 10?
10
Suppose -71*n = 16